t is -1101 + 11011001111000?
11011001101011
In base 15, what is 12d8 + 6?
12de
In base 14, what is 3096d4 + 5?
3096d9
In base 16, what is -c + 68?
5c
In base 12, what is -64 - -50?
-14
In base 6, what is 510103 + -1?
510102
In base 7, what is -60164 - -20?
-60144
In base 3, what is -11 + -101202201220?
-101202202001
In base 10, what is 2608 + -180?
2428
In base 7, what is -200 - -45?
-122
In base 13, what is -78 + 1825?
177a
In base 15, what is -1472a - 2?
-1472c
In base 2, what is -10000010 + -1000000010011?
-1000010010101
In base 16, what is 15c81 + -6?
15c7b
In base 10, what is 135 - -1067?
1202
In base 16, what is -4 + 93a48?
93a44
In base 5, what is 102344 + 113?
103012
In base 5, what is 12 - 12344?
-12332
In base 2, what is 10 + 1100110001011?
1100110001101
In base 11, what is -1986a - -56?
-19814
In base 8, what is 2264 + -622?
1442
In base 3, what is -22021120020 - -22?
-22021112221
In base 15, what is -67 - 754?
-7bb
In base 14, what is 6138 - -12?
614a
In base 12, what is 8 - -15915?
15921
In base 6, what is -5 + -103035?
-103044
In base 15, what is 230 - -284?
4b4
In base 7, what is 2 - -105123?
105125
In base 5, what is -433233 + -13?
-433301
In base 3, what is 1112210 - 210?
1112000
In base 8, what is 122122 - -1?
122123
In base 2, what is 1101 - 1011110100100?
-1011110010111
In base 7, what is -5512 + 54?
-5425
In base 4, what is 30 - -10102031?
10102121
In base 5, what is -103 - -12230?
12122
In base 2, what is 100101010 - -100000?
101001010
In base 5, what is 131 - 12410?
-12224
In base 16, what is 3572 + -4?
356e
In base 13, what is c690 + 178?
c838
In base 13, what is 12 - -3726c?
37281
In base 6, what is -5 + -103213?
-103222
In base 9, what is 1048 - -82?
1141
In base 16, what is 80d7 + 4?
80db
In base 11, what is 6 + -79882?
-79877
In base 9, what is -5 + -37432?
-37437
In base 8, what is -22 - 13655?
-13677
In base 4, what is -3123 + 23021?
13232
In base 5, what is -30044404 - -30?
-30044324
In base 4, what is -30 - 203022?
-203112
In base 15, what is -37c9 - b9?
-3893
In base 4, what is 11 + -213222?
-213211
In base 5, what is -1214 + -2224?
-3443
In base 5, what is 204100 - 4?
204041
In base 7, what is 5 + 226252?
226260
In base 2, what is -101000 + 110010011010010?
110010010101010
In base 15, what is 3 + 84b3?
84b6
In base 12, what is 4 + 3a45a?
3a462
In base 4, what is -323 + -1313002?
-1313331
In base 6, what is 3 + 124015?
124022
In base 4, what is -10 + -213?
-223
In base 15, what is 8b - 146e?
-13d3
In base 13, what is -186b7 - -2?
-186b5
In base 14, what is -6d0 + -47?
-737
In base 13, what is 666a + 7?
6674
In base 4, what is -10120322 - -3?
-10120313
In base 16, what is -3 + -dca1?
-dca4
In base 15, what is 386 + -84?
302
In base 4, what is 120 + 13133020?
13133200
In base 11, what is -11329a + -5?
-1132a4
In base 8, what is -530 - 17?
-547
In base 8, what is 12 + 17022?
17034
In base 2, what is 1001110001001 + -11101?
1001101101100
In base 13, what is -1 + -9356?
-9357
In base 4, what is 22120 - 113101?
-30321
In base 8, what is 227 + -204?
23
In base 9, what is -6181 + -63?
-6254
In base 11, what is 0 + -a710a?
-a710a
In base 6, what is 0 + 3103410?
3103410
In base 11, what is 452 - -2682?
3024
In base 5, what is 4 + 213031?
213040
In base 16, what is 15 - 6bac?
-6b97
In base 15, what is -a710 + 22?
-a6dd
In base 9, what is 15508 + -36?
15462
In base 6, what is -11512 + -3133?
-15045
In base 9, what is -556 + 206?
-350
In base 5, what is -222420403 + -3?
-222420411
In base 10, what is 38527 - 6?
38521
In base 2, what is 0 - 1011111000110110?
-1011111000110110
In base 2, what is 10011000 + 11?
10011011
In base 16, what is -6527 - 28?
-654f
In base 4, what is -110132103 - -1301?
-110130202
In base 14, what is 654 + -31?
623
In base 5, what is -1204 + -302?
-2011
In base 15, what is 97 - 296?
-1ee
In base 2, what is -10 + 1001010111101?
1001010111011
In base 12, what is 13 - 1a99?
-1a86
In base 9, what is 2 + -15717?
-15715
In base 8, what is 2400 - 20?
2360
In base 5, what is -12323 + -12400?
-30223
In base 5, what is 11 - 220?
-204
In base 4, what is 230103 - -3?
230112
In base 15, what is 13d + -28?
115
In base 15, what is -1c - -2b?
e
In base 4, what is -11100 - -2200?
-2300
In base 10, what is -76 + 251?
175
In base 4, what is 3102332 + -3?
3102323
In base 5, what is 302 - 1023?
-221
In base 10, what is -1180319 + 3?
-1180316
In base 16, what is 27cd8 + 1?
27cd9
In base 5, what is -102324 - 1?
-102330
In base 10, what is 106 + -2613?
-2507
In base 3, what is -2 + 10111211?
10111202
In base 5, what is 202 + 131441?
132143
In base 3, what is 21011100012 - 0?
21011100012
In base 2, what is -11001011110 - 110?
-11001100100
In base 10, what is 3 + -1276009?
-1276006
In base 12, what is a284 - -5?
a289
In base 12, what is -1 - -a4524?
a4523
In base 13, what is 15b2c + -c?
15b20
In base 2, what is 1011111110 - -1011?
1100001001
In base 3, what is 202 - -11102212?
11110121
In base 13, what is 0 + 2873?
2873
In base 7, what is 145424 + -114?
145310
In base 16, what is 5 - 5aeb?
-5ae6
In base 2, what is 10000111 + -10101001011011?
-10100111010100
In base 16, what is d7ba + 1?
d7bb
In base 6, what is 31313 - -300?
32013
In base 3, what is -10 - 22020110?
-22020120
In base 10, what is -89 + 527?
438
In base 11, what is 14 + 10134?
10148
In base 15, what is -331e - 24?
-3343
In base 5, what is -134400 + 242?
-134103
In base 8, what is 1435 - -122?
1557
In base 15, what is d - -162d?
163b
In base 5, what is 43 + -3110113?
-3110020
In base 9, what is -17683 + 16?
-17666
In base 11, what is 45428 + 4?
45431
In base 10, what is 169 - -68?
237
In base 3, what is 202012 + -1001?
201011
In base 14, what is 60 + 2?
62
In base 7, what is -2265 - 1021?
-3316
In base 3, what is -201 + 12121110200?
12121102222
In base 2, what is 11101000110000011010 - -101?
11101000110000011111
In base 10, what is -238140 + 5?
-238135
In base 11, what is -658 - 4a?
-6a7
In base 5, what is -2 - -12040323?
12040321
In base 16, what is -c + 2998?
298c
In base 7, what is -1020 + -43222?
-44242
In base 9, what is -3 + -664131?
-664134
In base 16, what is -4 + -34208?
-3420c
In base 10, what is -47 + -28616?
-28663
In base 7, what is -204 - -10556?
10352
In base 4, what is 23 - -1321212?
1321301
In base 4, what is 3123313 + 1?
3123320
In base 2, what is -1101110100 + -10100011110?
-100010010010
In base 14, what is -1608 - d?
-1617
In base 10, what is 5 + -13442?
-13437
In base 13, what is 1 + 8359?
835a
In base 4, what is -3 + -1002132?
-1002201
In base 11, what is -4 + 864176?
864172
In base 10, what is 27403 - 2?
27401
In base 5, what is -4403 - 132?
-10040
In base 6, what is -222 + -15140?
-15402
In base 11, what is -30a9612 - 2?
-30a9614
In base 9, what is -4 - 20717?
-20722
In base 16, what is -5cf9e - 2?
-5cfa0
In base 3, what is 211022202 + 1020?
211100222
In base 11, what is 425 - -135?
55a
In base 15, what is 7bb10 + -3?
7bb0c
In base 7, what is 436125 + 0?
436125
In base 8, what is -3 + 367330?
367325
In base 2, what is 1110111110000101 - 1?
1110111110000100
In base 15, what is -1518 - 14?
-152c
In base 13, what is -5 - -100262?
10025a
In base 5, what is 3332 + 2?
3334
In base 15, what is 12bcce - -3?
12bcd2
In base 7, what is 4 - -154430?
154434
In base 2, what is -1100 + 10010101010100?
10010101001000
In base 14, what is -a092c - -3?
-a0929
In base 15, what is 2703e6 + 4?
2703ea
In base 13, what is -2a2c0 - 4?
-2a2c4
In base 11, what is 22270 - -1?
22271
In base 8, what is 5 + -365647?
-365642
In base 8, what is -24541 + 0?
-24541
In base 12, what is 826 - 5?
821
In base 5, what is -1004 - -2420?
1411
In base 13, what is -114 + 175?
61
In base 9, what is 1178103 + -2?
1178101
In base 14, what is -6 + 4061?
4059
In base 10, what is -18986 + 5?
-18981
In base 15, what is 136 - -cb?
212
In base 2, what is -101 - 1111110110000000000?
-1111110110000000101
In base 11, what is 74aa22 + -1?
74aa21
In base 6, what is -2 + -31532?
-31534
In base 8, what is 22 - 340737?
-340715
In base 11, what is -4 - -113?
10a
In base 10, what is 3490 - -8?
3498
In base 11, what is 406958 + -2?
406956
In base 6, what is -131 + 4414?
4243
In base 8, what is 1 - 70443?
-70442
In base 5, what is -1042 - 4340?
-10432
In base 15, what is -4 + -10d52?
-10d56
In base 4